uppose 10*y - 615 = 7*y. Let a = 46 - y. Let f = 269 + a. What is the hundreds digit of f?
1
Suppose 2*h + t = 4*h - 6, 0 = 4*h + 2*t - 28. Suppose 3*w - 4*n = 537, 5*w + 269 - 1135 = -3*n. Suppose -85 - w = -h*z. What is the tens digit of z?
5
Suppose -3*q = b - 4, -q + 2*q + 22 = -5*b. Suppose q*s = 2*s + 57. Suppose -2*x + 127 = 4*f - f, -x + s = -5*f. What is the units digit of x?
2
Suppose -107*s = -108*s - 95. Let a = s - -136. What is the tens digit of a?
4
Suppose 5*g + 40 = 0, -297*g - 136744 = -3*a - 292*g. What is the hundreds digit of a?
5
Let q = -106 - -94. Let v be ((-3)/q + -1)/(5/(-1400)). Suppose 4*g = 3*w + v, 0*g = -2*g - 2*w + 98. What is the tens digit of g?
5
Let v = 324 - 546. Let h = -130 - v. What is the units digit of h?
2
Suppose 782 = -3*b + 815. Suppose b*l = -18*l + 45211. What is the tens digit of l?
5
Let n(r) = 14*r**3 + 5*r**2 + 3*r - 556. Let z(m) = 25*m**3 + 9*m**2 + 5*m - 1113. Let p(y) = 7*n(y) - 4*z(y). What is the tens digit of p(0)?
6
Suppose 15 = 4*z + 3. Suppose s + z = 0, 0 = 2*f - 2*s + s - 11. Suppose h - 26 - 14 = -3*v, f*h - 146 = 2*v. What is the tens digit of h?
3
What is the ten thousands digit of (4 + 94278/9)/((620/(-30))/(-31))?
1
Suppose 2*h = p + 3*h - 4, -5*p = 3*h - 14. Let m(g) = 493*g**2 + 16*g - 17. What is the units digit of m(p)?
2
Let w = 7 - -9. Let s be (-408)/w*16/(-6). Let q = 165 - s. What is the tens digit of q?
9
Let o(f) = 27*f**2 - 6*f + 18. Let y be o(2). What is the tens digit of 76/y*(-2 - -1445)?
6
Let u = -50 + 55. Let h(w) = -w**2 - 15 + 2*w**2 - 6*w**2 - w**2 + u*w + w**3. What is the units digit of h(8)?
3
Suppose -j + 0*p - 47 = -3*p, -3*p + 9 = 0. Let w = j + 36. What is the units digit of 8/w - (-74 + 5)?
5
Let i = 37705 - 3672. What is the tens digit of i?
3
Let v = -7260 - -10314. What is the thousands digit of v?
3
Let k(n) = -441*n - 2192. What is the hundreds digit of k(-17)?
3
Suppose -5*x + 121*x - 581160 = 0. What is the tens digit of x?
1
Suppose 0 = -7*u + 26 + 16. Let d(v) = v**3 + v**2 + 30. Let o be d(0). What is the tens digit of (-272)/(-10) - u/o?
2
Let w = -18106 + 70281. What is the ten thousands digit of w?
5
Suppose -129918 = -3*c + 5*z, 120*z = -5*c + 119*z + 216474. What is the thousands digit of c?
3
Suppose -405 = 18*l - 13*l. Let g(y) = -9*y**2 - 2*y - 1. Let x be g(-3). Let m = x - l. What is the units digit of m?
5
Suppose 2*l - 4 = l. Suppose -5*p - 5 = -5*m, -5*m - 2*p + 22 + l = 0. Suppose m*j - 169 - 87 = 0. What is the tens digit of j?
6
Let u be (1/3)/(366/90 + -4). Suppose 6 = 3*q - 3, u*p + 2*q - 3956 = 0. What is the units digit of p?
0
Let y(v) = -3*v**3 + 7*v**2 + 15*v - 1. Let t be y(-2). Let g(q) = 26 + 6*q - 9*q - 16*q + q**2. What is the units digit of g(t)?
8
Let i be (-6)/10 + 273/105. Let u(s) = 6*s**3 + 6*s - 5. Let y be u(1). Suppose 210 = -i*k + y*k. What is the units digit of k?
2
Suppose -4*u = j - 188, -178 = -12*j + 11*j - 2*u. Suppose 22*x + j = 24*x. What is the units digit of x?
4
Let v = -86725 - -146760. What is the units digit of v?
5
Let u(t) = -79*t - 75. Suppose -3*x - 11 = 19. What is the hundreds digit of u(x)?
7
Suppose 3*q + 97 - 16 = 0. Let b = -1 - q. Suppose -b*v + 27*v - 11 = 0. What is the units digit of v?
1
What is the units digit of (-72)/(-108)*(8 + -51050)/(2/(-4))?
6
Let v(i) = -4 + 2 + 8*i - 94 + i**2. What is the tens digit of v(-19)?
1
What is the hundreds digit of 365676/33 + -4 + (-8)/88?
0
Suppose -2*h - 40 = 3*h. Let y(w) = -21*w - 40 + 26 - 40. What is the units digit of y(h)?
4
Let o be 4*(22/(-33) - (-6429)/18). Suppose -13*c + 4585 - o = 0. What is the hundreds digit of c?
2
Suppose -w = 6*w + 287. Let j = w - -82. Suppose -2*l + 28 + 41 = c, 5*l = c - j. What is the units digit of c?
1
What is the units digit of (-24)/9*(-10495 - -4) - 10?
6
Let a = -147 - -150. What is the units digit of 795*((49/a)/7 - 2)?
5
Let p = -13 - 1. Let j be -7 - (-2868)/(-42) - 4/p. Let v = j + 117. What is the tens digit of v?
4
Suppose -d + 4*o - o = -83, d - 89 = 5*o. Suppose -3*s + 188 = 2*x, -d = -3*s - 4*x + 122. Suppose -s*b = -56*b - 596. What is the units digit of b?
9
What is the units digit of 4 + (13 - 6) - -327?
8
What is the thousands digit of (28/(-3))/4 - 474310/(-60)*2?
5
Suppose -3*l + 2*n + 10588 = 0, 5*l + 4*n - 20446 = -2836. What is the units digit of l?
6
Let i = -7424 + 11242. What is the hundreds digit of i?
8
Suppose 136*m = 155*m - 200469. What is the thousands digit of m?
0
Let d(h) = -h**2 - 10*h + 7. Let u be d(-8). Suppose -1674 = -u*a + 14*a. What is the units digit of a?
6
Suppose -5*a = -2*k + 5327, 4*k + 2*a - 10177 - 393 = 0. What is the tens digit of k?
4
Let a = 10894 + -5182. What is the thousands digit of a?
5
Suppose -26 = -2*l - x, -6*l = -7*l - 5*x + 31. What is the tens digit of l/(-66) - (2350/12)/(-5)?
3
Suppose 124 = -2*c + 146. Suppose c*h = -0*h + 55. Suppose 5*w + h*k - 255 = 0, -2*w + 0*w - 5*k = -117. What is the units digit of w?
6
Let u(f) = 26*f**2 - 365*f - 93. What is the ten thousands digit of u(-30)?
3
What is the hundreds digit of (-2079)/(-231) + 7*8552?
8
Let z = 12757 - 3945. What is the units digit of z?
2
Let y = 495 + 239. Let u = 1429 - y. What is the tens digit of u?
9
Let r(t) = -t**3 + 41*t**2 + 102*t - 61. Let s be r(43). Suppose s = 3*u - 438. What is the units digit of u?
5
Suppose 62 = 2*f + 38. Suppose -7*z + 11*z = f. What is the units digit of 140 + (-1 - ((1 - z) + 0))?
1
Let p(u) = 0*u**2 - 9*u + 66*u**2 + 9*u**2 + 15*u**2 + 19*u**2. What is the tens digit of p(4)?
0
What is the tens digit of (-3104)/((817/38)/(-43))?
0
Suppose 6 = -2*y - 58. What is the units digit of ((y/3)/4)/((-34)/1887)?
8
Let n be 2*3/(4 + (-10)/4). Suppose -9*b + n*b = -525. What is the tens digit of b?
0
Let l be 3939/429 - (-4)/(-22). What is the units digit of (14*29/2)/(l/27)?
9
Suppose 0 = -5*i - 5, -6*a + 3*i = -a - 933. Suppose a = 43*q - 37*q. What is the tens digit of q?
3
Suppose 0 = 4*l + 58 - 46. Let z be l + (-45)/(-10) + (-12)/8. Suppose 3*o - 2*y - 366 = z, o - 2*o + 133 = 3*y. What is the units digit of o?
4
Suppose -g = 4*o + 3852, -3*o - 5*g - 2889 = -0*o. What is the units digit of o*3/6*(-8)/6?
2
Let x(v) = 31*v + 5349. What is the thousands digit of x(-17)?
4
Let c(b) be the second derivative of -b**4/12 + 2*b**3/3 + 5*b**2 + 10*b. Let q be c(0). Suppose -3*m + 425 = -j, 5*j - q - 10 = 0. What is the tens digit of m?
4
Suppose -4*y = -3*i + 18, 5*i - 6*y + 2*y = 22. Suppose 0 = 7*s - i*s - 1925. Suppose 0 = t + g - 77, -4*t + 3*g + s = t. What is the units digit of t?
7
Let u be 58*5 - 1 - -3. Suppose 5*a - 13 = 2*p + p, -3*a + 2*p = -7. Suppose -h + a*h = u. What is the tens digit of h?
7
Let h = -83642 + 142255. What is the tens digit of h?
1
Let s = 344 - 338. What is the tens digit of (1006/s)/(6 + (-204)/36)?
0
Suppose 18*r = 19*r. Suppose 2*q - j = 48, r = q - j + 5 - 30. Let x = 88 - q. What is the tens digit of x?
6
Suppose 0 = -x - 2*s + 20, 5*s - 8*s + 5 = -x. Suppose -x*r + 2798 = -3862. Suppose -6*i + 4*n + r = -3*i, -3*i = n - 666. What is the tens digit of i?
2
Suppose -5*r + 96675 = i - 5*i, 0 = 3*r + 2*i - 58005. Suppose 28*q - r = 2813. What is the units digit of q?
1
What is the units digit of (-3*10036/6 - 3)/(1/(-2))?
2
Let b = -14 - -158. What is the hundreds digit of (-18)/b - (-4729)/8?
5
Let k = 284 + -239. Suppose -3*s + 56 - k = c, 0 = 5*c + 4*s - 110. What is the tens digit of c?
2
Suppose -41048 = -4*d - 4*h, 0 = -5*h - 3 + 8. What is the ten thousands digit of d?
1
Suppose 0 = -u + 5, 4 = -2*s - s + 2*u. Suppose 0*o - 4*m + 30 = s*o, -3*m - 23 = -5*o. Suppose 1643 = o*v - 296. What is the hundreds digit of v?
2
Let c = -14594 - -27109. What is the tens digit of c?
1
Let a be -3 + 3 + 0 + 1. Suppose a + 15 = 8*z. Suppose -z*t - 61 = -305. What is the hundreds digit of t?
1
What is the thousands digit of (14004/27)/((-40)/(-2340))?
0
Suppose 162 = -379*n + 381*n. Suppose n*s - 10479 = 74*s. What is the units digit of s?
7
What is the hundreds digit of 32199*((-4)/(-1) + (2100/45)/(-14))?
4
Let x be 4/12 + 2 + 59/3. What is the hundreds digit of 0 - (x/66 - 4532/6)?
7
Let h be 4*(-8)/(-16) + -6. What is the units digit of (-1449)/(-9) - (h - 4)?
9
Let n(y) = -286*y + 152. Let h be n(5). Let d 